 8?
-443366
301301020 (base 5) to base 4
10210033102
What is 23b4 (base 16) in base 14?
348c
Convert 66257 (base 9) to base 16.
abb2
966ca1 (base 13) to base 16
35d698
What is 171511 (base 9) in base 2?
11001111010001000
Convert -11344321241 (base 5) to base 11.
-7548877
What is 1715241 (base 9) in base 12?
3a0931
211212000 (base 3) to base 8
40423
Convert -111011101011110001111 (base 2) to base 9.
-3610670
What is -115030522 (base 6) in base 10?
-2196914
What is -405063 (base 7) in base 14?
-1b1da
Convert -3c4774 (base 13) to base 9.
-2674811
257007 (base 8) to base 6
1530503
What is -1050587 (base 13) in base 4?
-102331201022
-314209 (base 11) to base 14
-d162d
100300231 (base 4) to base 2
10000110000101101
What is 14022003 (base 5) in base 15?
2c1a3
What is 1acc0 (base 14) in base 6?
1244320
25244066 (base 7) to base 14
434c6d
What is -2065037 (base 10) in base 14?
-3ba7c9
-16807338 (base 9) to base 15
-b1d7c8
98449 (base 10) to base 7
560011
Convert 140100343 (base 5) to base 4.
2230130230
Convert 2130222121 (base 4) to base 9.
1177207
What is -111210122122 (base 3) in base 13?
-96863
What is 3256483 (base 11) in base 9?
11675335
-488ac (base 13) to base 14
-36826
217bb4 (base 15) to base 3
10000001210221
What is -335064 (base 8) in base 3?
-12202021202
-179ba18 (base 14) to base 16
-b21a96
Convert 61263 (base 15) to base 9.
518033
-5567636 (base 8) to base 10
-1503134
What is 9a77b (base 16) in base 4?
2122131323
Convert 3b20a4 (base 13) to base 16.
15dc02
What is 1908946 (base 11) in base 3?
20002020120121
Convert -116823 (base 9) to base 3.
-10120220210
What is -2123240 (base 5) in base 8?
-106346
What is 550a78 (base 13) in base 4?
13220202203
What is -2220211111 (base 3) in base 5?
-3314334
Convert a768 (base 14) to base 10.
28904
1001000011100110011 (base 2) to base 13
a50c4
127217 (base 10) to base 5
13032332
-2505111 (base 7) to base 4
-1032121101
330155 (base 10) to base 12
13b08b
What is -163275 (base 10) in base 13?
-59418
What is -232253550 (base 6) in base 16?
-41d86a
What is 10101101101010011 (base 2) in base 16?
15b53
627931 (base 11) to base 2
11110101100111001100
-10111101001001111 (base 2) to base 13
-3510a
What is 719858 (base 12) in base 16?
1b2684
What is 224005 (base 7) in base 6?
504121
10000001000000010100 (base 2) to base 4
2001000110
What is -25a41 (base 12) in base 14?
-14b3b
-1115523 (base 7) to base 3
-21001110000
What is 19160 (base 10) in base 15?
5a25
What is 6008347 (base 10) in base 11?
3434184
What is -a6691 (base 14) in base 15?
-7e152
-2c7448 (base 13) to base 11
-692583
Convert -20101202022 (base 3) to base 16.
-1ebf0
What is 155304550 (base 6) in base 5?
1323240403
Convert -10311332333 (base 4) to base 14.
-250a07
131873 (base 10) to base 2
100000001100100001
Convert -881ba (base 12) to base 10.
-179998
Convert 11020010221222 (base 3) to base 2.
1000100100100001011110
What is -35085d (base 15) in base 10?
-2533138
Convert -4133200420 (base 5) to base 8.
-40307357
Convert 139b4a (base 14) to base 10.
679990
Convert -103143040 (base 5) to base 2.
-1101100010010000000
-129de29 (base 15) to base 4
-303022123200
What is -1717b2 (base 15) in base 12?
-45b5ab
What is -13033d (base 14) in base 9?
-1205650
Convert -1110122001010 (base 3) to base 9.
-1418033
Convert -a18b49 (base 12) to base 15.
-34d016
-25374 (base 9) to base 14
-631b
Convert -100100100100110001 (base 2) to base 9.
-247444
What is -11222212120011 (base 3) in base 16?
-2881ea
-102102201101 (base 3) to base 15
-46a3a
Convert 1434200131 (base 5) to base 13.
a39252
-43517 (base 10) to base 7
-240605
Convert 1b97b8a (base 12) to base 9.
12127517
-111111000000010010111 (base 2) to base 6
-112130011
Convert 17731655 (base 9) to base 11.
5054841
What is 731706 (base 8) in base 14?
645ca
22202112201 (base 3) to base 4
222012121
Convert -1a5460 (base 11) to base 2.
-1001100110100101010
-11111000110001010111111 (base 2) to base 4
-133012022333
Convert 15173537 (base 9) to base 12.
263bb14
Convert 102012101 (base 3) to base 12.
4884
What is -1111011111101011 (base 2) in base 14?
-191b5
Convert -a4d5a (base 14) to base 5.
-100212024
-e39dc (base 15) to base 3
-1100122011200
-1848 (base 15) to base 3
-21012012
Convert -877511 (base 9) to base 6.
-15121101
2b5096 (base 12) to base 13
1c9431
What is 33051062 (base 9) in base 11?
9022692
-1011011111110000010111 (base 2) to base 4
-23133300113
15153511 (base 6) to base 12
215897
What is 10000011000010101 (base 2) in base 5?
4121333
Convert -367169 (base 11) to base 4.
-2031232200
Convert 1bb781 (base 13) to base 7.
6020436
-178023 (base 9) to base 14
-2c565
What is 24223302 (base 5) in base 7?
1632640
466b924 (base 12) to base 14
1b3783a
Convert -30741a (base 11) to base 5.
-111233400
Convert 15062531 (base 8) to base 15.
47c662
-11020101112 (base 3) to base 15
-19a95
What is 4926117 (base 10) in base 4?
102302222211
Convert -13335410 (base 6) to base 4.
-1231131132
What is 262839a (base 11) in base 4?
101112303012
8c407 (base 13) to base 6
5251011
What is -45231 (base 16) in base 3?
-112101110100
What is 1175516 (base 8) in base 15?
66b03
Convert -428740 (base 10) to base 7.
-3433654
Convert -951d (base 16) to base 7.
-216202
260005 (base 7) to base 11
3309a
What is -200342 (base 12) in base 4?
-1321213202
What is 112041041 (base 5) in base 15?
9ddeb
What is 1405203 (base 7) in base 2?
101101100101000101
-74c61 (base 14) to base 4
-1010323111
-2226311 (base 7) to base 10
-275927
What is -4530014 (base 7) in base 12?
-231185
What is -12333622 (base 8) in base 6?
-134333134
What is -130331 (base 8) in base 15?
-d633
What is -3a7aa (base 13) in base 5?
-11441401
Convert 10203202303 (base 4) to base 8.
4434263
What is -17644330 (base 8) in base 4?
-33310203120
What is 14ebd3 (base 15) in base 2?
11110111000001010110
What is 1a567 (base 15) in base 6?
1500141
1133131041 (base 5) to base 12
a6a0aa
-33531625 (base 7) to base 3
-12111010021101
255212004 (base 6) to base 10
5009476
Convert -100110000010110110 (base 2) to base 8.
-460266
-546169 (base 14) to base 6
-141142333
-21402106 (base 8) to base 6
-242203330
What is 141041554 (base 6) in base 13?
78ac72
2331110012 (base 4) to base 11
48a657
Convert -1595bc (base 16) to base 7.
-15011110
19451a5 (base 13) to base 12
293b90b
What is 3c5cb6 (base 13) in base 14?
2a38bb
Convert 206025 (base 9) to base 16.
1de7f
Convert -352156 (base 9) to base 7.
-1540512
-113a64 (base 12) to base 15
-56ccd
-948479 (base 12) to base 3
-11101201122210
Convert 4ba9b3 (base 15) to base 2.
1101110110010011101110
What is -d6ab3 (base 14) in base 7?
-4255113
Convert 344421200 (base 5) to base 4.
11331003200
What is -24538373 (base 9) in base 4?
-231310303203
What is -1011111111101011110110 (base 2) in base 15?
-421a43
Convert -1000000111011011101 (base 2) to base 4.
-1000323131
Convert -1044300424 (base 5) to base 6.
-122034142
12130202312 (base 4) to base 10
1689782
Convert -1111011110101100001 (base 2) to base 11.
-317101
29446 (base 13) to base 10
77629
-76586 (base 13) to base 15
-4365e
-22112100023 (base 4) to base 2
-1010010110010000001011
Convert 118146 (base 14) to base 3.
1010101220211
1150066 (base 8) to base 15
636eb
51cb6 (base 13) to base 6
3053215
What is -3320b4 (base 15) in base 10?
-2436919
What is 16365412 (base 7) in base 2?
110000101101100011000
Convert -65763 (base 10) to base 12.
-32083
What is -100100011122022 (base 3) in base 4?
-102323302223
What is 217145 (base 8) in base 9?
121513
Convert 4003340 (base 5) to base 10.
62970
What is 174804 (base 11) in base 13?
95a86
What is 1000101111011010110 (base 2) in base 10?
286422
What is -113222032023 (base 4) in base 12?
-20b1323
What is 100011011111100110111000 (base 2) in base 14?
1342bd6
What is 401208 (base 10) in base 13?
110802
What is 4505533 (base 6) in base 15?
472e0
What is a532 (base 15) in base 14?
ca26
Convert 661 (base 9) to base 15.
261
What is -355533001 (base 6) in base 9?
-13564501
Convert -441550 (base 7) to base 8.
-227217
-35120301 (base 6) to base 9
-2031331
b883 (base 16) to base 7
254466
Convert 2047a (base 13) to base 4.
32020223
What is -9b3b83 (base 12) in base 5?
-1113140301
What is -52dbc (base 14) in base 11?
-127525
-24246116 (base 8) to base 16
-514c4e
Convert 1000101001111100 (base 2)